= 20, x = -3*y + 3*x + 28. Let g be a(y). Calculate the greatest common factor of g and 13.
13
Let x be 178/6 - 1/(-3). Let c be ((-2)/((-16)/(-316)))/(3/6). Let w = c - -124. What is the greatest common divisor of w and x?
15
Suppose -10*b = -8*b - 4. Let d be (-11)/(b - (4 - 1)). Calculate the greatest common factor of d and 55.
11
Suppose -4*m + 5*z = m - 55, 35 = 5*m - z. Let p = 1543 + -1539. What is the greatest common divisor of m and p?
2
Suppose 41*n + 5*k - 118 = 37*n, 141 = 5*n + 3*k. Suppose -z + 36 = 4*l, 2*l + 6 = -z + 24. What is the highest common factor of n and l?
9
Suppose -11 = -3*t + 4*t. Let g be 0 + -2 + 4 - t. Suppose -5*l = -5*h + 435, -4*h - h - 5*l = -475. What is the highest common factor of h and g?
13
Let t(k) = 16*k - 49. Let f be t(14). Let g = f + -124. Calculate the greatest common divisor of 17 and g.
17
Let r be ((-340)/(-51))/(-2 + 240/117). What is the greatest common divisor of 5 and r?
5
Suppose 5*n = 13 + 7. Suppose -5*y + n*y = 4*q - 192, 0 = -4*q + y + 184. Let z be (-1)/((-3)/(-6)) + q. What is the greatest common divisor of 5 and z?
5
Suppose -24*i + 21600 = 48*i. Calculate the greatest common factor of 180 and i.
60
Let n = 14 - -1. Suppose 3*x = a + 9, -a + 4*x - 17 = -5. Suppose a*u = 5*u - 50. Calculate the greatest common divisor of u and n.
5
Let b(f) = -f**2 + f. Let v(h) = -h**3 + 10*h - 4. Let j(u) = 3*b(u) - v(u). Let m be j(6). What is the greatest common factor of 14 and m?
14
Suppose 0 = 9*b - 1002 - 537. Calculate the greatest common factor of b and 54.
9
Let i be (1/2)/(18/216). Let u be (-5)/((i/(-60))/((-9)/(-6))). Calculate the greatest common factor of 15 and u.
15
Let j(a) = -a**2 - 4*a + 24. Let h be j(-7). Let g be (11/(-3) + h)/(2/(-27)). Calculate the highest common divisor of g and 45.
9
Let c be (-8)/36 + 11/9. Suppose c = 5*s - 9. Let f be (90/(-27))/(10/(-36)). Calculate the highest common divisor of f and s.
2
Suppose -6 = -3*q + 2*n + n, n - 28 = -5*q. Suppose 3*l + 58 = 2*z + q*l, 37 = z + 5*l. Suppose 0*i - z = -i. Calculate the highest common divisor of 3 and i.
3
Suppose 5*x - 40 = -0*x. Suppose 0*u - 4*u - w = 180, 0 = u + 3*w + 45. Let a = 27 - u. What is the greatest common divisor of x and a?
8
Let u(w) = w**3 - 6*w**2 - 8*w + 12. Let l be u(7). Suppose 3*q - 72 = -3*h, -l*q + 10 + 5 = 0. What is the highest common factor of h and 3?
3
Let n(a) = 2*a**3 - 5*a**2 + 10*a - 19. Let g be n(3). Calculate the highest common divisor of g and 320.
20
Let v = -652 - -664. Let b(s) = s + 9. Let n be b(-5). Suppose -t - 103 = -3*h, -n*t + 159 = 4*h - t. Calculate the greatest common factor of h and v.
12
Suppose 20 = 8*k - 3*k. Suppose 16 = 4*x - 0, -5*x + k = -4*b. Let h(i) = i**3 - 5*i**2 + 6*i - 5. Let f be h(b). What is the greatest common factor of 3 and f?
3
Let h = 488 + -344. Let v be (7 + 1)/(3/6). What is the greatest common factor of v and h?
16
Let t(p) = -p**3 - 6*p**2 - 7*p - 2. Let b be t(-8). Let u = b - 98. Calculate the greatest common factor of 56 and u.
28
Suppose r - 5 = -x, 3*r + x - 1 = 14. Suppose r*n - 4 = 6. Suppose -n*f + 32 + 8 = 0. What is the highest common divisor of f and 30?
10
Let l(z) = -2*z**3 + 19*z**2 - 5*z + 8. Let w be l(9). What is the greatest common factor of w and 4?
4
Suppose -28*x + 5919 - 1327 = 0. What is the highest common factor of x and 12?
4
Let t be 36/(-81) - (-232)/36. Let h be ((-8)/6)/(t/(-99)). Calculate the highest common factor of h and 22.
22
Let j = -21 - -87. Let t(o) = 10*o**2 - 213*o + 430. Let g be t(2). What is the highest common divisor of j and g?
22
Let u(h) = -21 - 3*h - 4*h**2 + 4*h**2 + 17 + h**2. Let a be u(7). What is the greatest common factor of a and 96?
24
Let a = 206 + -184. Calculate the greatest common factor of 176 and a.
22
Suppose r = 2*w - 7 - 34, 4*r + 128 = -4*w. Let y be (-4)/(-14) - 550/r. Suppose -5*i + 4 = -4*i. Calculate the greatest common divisor of i and y.
4
Let y(o) = -o**2 - o + 98. Let u be y(0). Suppose 8*h = 4*h + 56. What is the greatest common divisor of h and u?
14
Let n(y) = 8*y + 102. Let u be n(-6). Calculate the greatest common divisor of u and 18.
18
Let h = 13 - 2. Let s be (-32)/8 + 2*h. Let k = 105 - 69. Calculate the greatest common divisor of k and s.
18
Let w be ((-17748)/15)/(-4) + 4/20. Calculate the greatest common factor of w and 37.
37
Let d(n) = 6*n + 62. Let v be d(-6). What is the greatest common divisor of 78 and v?
26
Let l(z) = 6*z - 1. Let j be l(4). Let p = j + -18. Suppose -r + p*r = 84. Calculate the greatest common divisor of r and 168.
21
Suppose -2*i = 3*g + 3*i - 69, -4*i = 0. Let z = 31 + -5. Suppose -b = 3 - z. What is the greatest common divisor of b and g?
23
Suppose -4*c = -c. Suppose 8*g - 11*g + 12 = c. Suppose -g*z + 80 = -320. Calculate the highest common divisor of z and 20.
20
Suppose -5*u - 4*t = -243, -3*u - 9 + 153 = 3*t. Suppose -u = -4*v + b, 0*b = 2*v + 2*b - 18. What is the greatest common divisor of v and 4?
4
Suppose 2*t = -138 + 82. Let w = -19 - t. Calculate the highest common factor of 36 and w.
9
Let l be (-2)/(-5) - 2/5. Let u be (31 - l)/((-2)/(-6)). Suppose 5*g = 3*q + u, 2*g - 35 = -4*q + 3*q. Calculate the highest common factor of 9 and g.
9
Let j = -470 - -478. Let q = 23 + 10. Let s = q + 55. Calculate the greatest common factor of j and s.
8
Suppose c - 248 = -l + 5*l, -4*l + 4*c = 236. Let b = 93 + l. Calculate the greatest common factor of b and 330.
30
Suppose 0 = -24*c - 1115 + 203. Suppose 12 = -d - 8. Let u = d - c. What is the highest common divisor of 6 and u?
6
Let a(f) = 2*f**3 + 38*f**2 - 4*f - 48. Let y be a(-19). What is the highest common factor of 80 and y?
4
Suppose 26 = 5*w - 44. Let f be 17433/91 + 6/w. What is the highest common factor of 32 and f?
32
Let x(z) = -z - z**3 + 5*z**2 + 7 - z**3 + 0 + z**3. Let q be x(5). What is the greatest common factor of 14 and q?
2
Let n = 74 - 63. Let l(u) = 2*u - 14. Let b be l(n). Calculate the greatest common factor of 88 and b.
8
Let w = -4 - -7. Let t be (-14)/112 - (-4082)/16. Suppose -w*z - 12 = -t. What is the greatest common factor of 9 and z?
9
Suppose -z - r + 240 = 0, -3*r = 31*z - 27*z - 958. Calculate the greatest common divisor of z and 17.
17
Let f(z) = -z**2 - 13*z - 7. Let s be f(-17). Let o = 89 + s. Calculate the highest common divisor of 7 and o.
7
Let x be (11/2 - 1)/(30/40). What is the highest common factor of 4 and x?
2
Suppose 0 = -29*v + 3*v + 4368. What is the highest common divisor of 24 and v?
24
Suppose 3*z = -4*q - 0*z + 388, 88 = q + 3*z. Calculate the highest common factor of q and 4.
4
Suppose 3*p - 4*i - 36 = -i, 5*i = 2*p - 15. Suppose -g + 75 - p = 0. Let h be (16/(-12))/((-8)/g). Calculate the highest common divisor of h and 5.
5
Suppose 3*f = -0*f + 288. Let s = 40 - 37. Suppose 3*q = -3, -3*q + 111 = s*a - 78. What is the highest common factor of a and f?
32
Let s(o) = -1 - 3*o**2 + 1 - 7*o + 12 + o**3 + 6*o**2. Let b be s(4). What is the greatest common factor of 64 and b?
32
Suppose -3*d + 86 = 8. Let q be (-5)/((-15)/192) - -1. Calculate the greatest common divisor of d and q.
13
Suppose 3*c - 63 = 3*k, -k + 2*k - 4 = 0. Let i = -17 + c. Let x be (6/4)/(2/32). Calculate the highest common divisor of i and x.
8
Let b be (-18)/(-2*(-11)/(-99)). Calculate the highest common factor of 1296 and b.
81
Let r(l) = 163*l + 103. Let z be r(11). What is the highest common divisor of 12 and z?
12
Let g(t) = 11*t + 10. Let l be g(18). What is the highest common factor of 26 and l?
26
Suppose o + 4*a = 2*a - 8, -3*a - 12 = 4*o. Suppose -4*c + 132 + 52 = o. Suppose 111 = h - w - c, -w - 4 = 0. What is the highest common factor of h and 17?
17
Let d = 896 + -826. What is the highest common divisor of d and 40?
10
Let w be (240/(-36))/(6/(-45)). What is the highest common factor of w and 25?
25
Let v be ((-4)/(-3))/(1/237). Let y = 183 + -178. Suppose y*h = v + 134. Calculate the highest common divisor of h and 9.
9
Let o(f) = -5*f**2 + 186*f - 63. Let k be o(33). Calculate the greatest common factor of k and 54.
18
Suppose -35*u = -40*u + 185. Suppose 3 = -u*q + 38*q. Calculate the greatest common divisor of 3 and q.
3
Let i = 86 - 70. What is the highest common divisor of 232 and i?
8
Let o = -45 - 68. Let x = o - -178. 